{"id":1296,"date":"2025-10-17T13:18:20","date_gmt":"2025-10-17T11:18:20","guid":{"rendered":"https:\/\/karrier.ih.gov.hu\/?page_id=1296"},"modified":"2026-01-09T13:18:18","modified_gmt":"2026-01-09T11:18:18","slug":"nyitott-poziciok-hirszerzo-tiszt","status":"publish","type":"page","link":"https:\/\/karrier.ih.gov.hu\/index.php\/nyitott-poziciok-hirszerzo-tiszt\/","title":{"rendered":"H\u00edrszerz\u0151 tiszt"},"content":{"rendered":"\r\n\t\t<div  class=\"block-af4e6b91-1ca6-49f3-bc80-68d320ef24f2 col areoi-element\">\r\n\t\t\t\r\n\t\t\t\n\n<h2 class=\"wp-block-heading has-text-align-center bold oldalcim\">H\u00edrszerz\u0151 tiszt<\/h2>\n\n \r\n\t\t\t\r\n\t\t<\/div>\r\n\t\n\n\r\n\t\t<div  class=\"block-9476b451-3972-4033-9298-76e5cd6edcb5 col areoi-element tartalom-oszlop\">\r\n\t\t\t\r\n\t\t\t\n\n<p class=\"has-contrast-2-color has-text-color has-link-color wp-elements-58c707058761a12666ad184a842b7183\">P\u00e1lyakezd\u0151, diplom\u00e1s fiatalk\u00e9nt, vagy tapasztalt szakemberk\u00e9nt karrierlehet\u0151s\u00e9get keresel? K\u00fcl\u00f6nleges hivat\u00e1sra v\u00e1gysz, izgalmas \u00e9s kreat\u00edv feladatokkal? Sz\u00edvesen dolgozn\u00e1l k\u00fclf\u00f6ld\u00f6n is?<br>Ha a v\u00e1laszod igen, r\u00e1ad\u00e1sul kit\u0171n\u0151 a kapcsolatteremt\u00e9si \u00e9s kommunik\u00e1ci\u00f3s k\u00e9szs\u00e9ged &#8211; akkor t\u00e9ged keres\u00fcnk!<\/p>\n\n\n\n<p class=\"has-contrast-2-color has-text-color has-link-color wp-elements-184a2406bddbedd87efa8815e689b015\"><strong>Milyen feladatokban sz\u00e1m\u00edtunk r\u00e1d?<\/strong><\/p>\n\n\n\n<ul class=\"wp-block-list has-contrast-2-color has-text-color has-link-color wp-elements-8658cacaf774a1f3cca1341637f18ed6\">\n<li>a polg\u00e1ri h\u00edrszerz\u00e9shez k\u00f6thet\u0151 m\u0171veleti tev\u00e9kenys\u00e9gekben<\/li>\n\n\n\n<li>k\u00fclf\u00f6ldi utaz\u00e1sokban<\/li>\n\n\n\n<li>kapcsolat\u00e9p\u00edt\u00e9sben<br><\/li>\n<\/ul>\n\n\n\n<p class=\"has-contrast-2-color has-text-color has-link-color wp-elements-adbb496cddc9f70ddaa765029adde866\"><strong>T\u00e9ged keres\u00fcnk, ha:<\/strong><\/p>\n\n\n\n<ul class=\"wp-block-list has-contrast-2-color has-text-color has-link-color wp-elements-fc6fd38d36a999c2679a2bfc113a7a1d\">\n<li>valamely tetsz\u0151leges nyelvb\u0151l van akt\u00edv nyelvtud\u00e1sod vagy nyelvvizsg\u00e1d<\/li>\n\n\n\n<li>valamely BSc\/MSc k\u00e9pz\u00e9sben diplom\u00e1t szerezt\u00e9l<\/li>\n\n\n\n<li>\u201eB\u201d kateg\u00f3ri\u00e1s jogos\u00edtv\u00e1nyod \u00e9s akt\u00edv g\u00e9pj\u00e1rm\u0171vezet\u0151i gyakorlatod van<\/li>\n\n\n\n<li>szereted a kih\u00edv\u00e1sokat<\/li>\n\n\n\n<li>nagyszer\u0171 a probl\u00e9mamegold\u00f3 k\u00e9szs\u00e9ged<\/li>\n\n\n\n<li>sz\u00e9lesk\u00f6r\u0171en t\u00e1j\u00e9kozott vagy a napi politikai \/ k\u00f6z\u00e9leti esem\u00e9nyek ter\u00e9n<br><\/li>\n<\/ul>\n\n\n\n<p class=\"has-contrast-2-color has-text-color has-link-color wp-elements-57b1df95cd4c64a67f465e0096106089\"><strong>El\u0151nyt jelent:<\/strong><\/p>\n\n\n\n<ul class=\"wp-block-list has-contrast-2-color has-text-color has-link-color wp-elements-61e53bb3e457596892da6217b8c1d309\">\n<li>tov\u00e1bbi idegen nyelvek ismerete \u00e9s akt\u00edv haszn\u00e1lata<br><\/li>\n<\/ul>\n\n\n\n<p class=\"has-contrast-2-color has-text-color has-link-color wp-elements-91c784b7a7b1ed8dba2b4bb3016ceec6\">Amennyiben felkeltett\u00fck \u00e9rdekl\u0151d\u00e9sedet, regisztr\u00e1lj karrieroldalunkon, \u00e9s k\u00fcldd el magyar nyelv\u0171, f\u00e9nyk\u00e9pes \u00f6n\u00e9letrajzodat.<\/p>\n\n \r\n\t\t\t\r\n\t\t<\/div>\r\n\t\n\n\r\n\t\t<div  class=\"block-0454174f-7333-4e38-940c-e86f46a6027b col areoi-element  gomb-kozepre\">\r\n\t\t\t\r\n\t\t\t\n\r\n\t\t\t\t\r\n\t\t<a \r\n\t\t\t\r\n\t\t\tclass=\"block-cabff3a3-4e09-4470-94a8-c2e037a1c184 btn areoi-has-url position-relative bg-sarga jelentkezes-gomb nyp-gomb btn-primary\"\r\n\t href=\"https:\/\/karrier.ih.gov.hu\/index.php\/jelentkezes\/\" title=\"h\u00edrszerz\u0151 tiszt\" >\r\n\t\t\t\t\t\r\n\t\t\t\t\tJELENTKEZEM \r\n\t\t\t\t\t\r\n\t\t\t\t\t \r\n\t\t\t\t<\/a>\r\n\t\t\t\n \r\n\t\t\t\r\n\t\t<\/div>\r\n\t\n\n\n<div class=\"wp-block-group is-content-justification-center is-nowrap is-layout-flex wp-container-core-group-is-layout-23441af8 wp-block-group-is-layout-flex\">\r\n\t\t\t\t\r\n\t\t<a \r\n\t\t\tid=\"nyitott-poziciok-hirszerzo-tiszt\"\r\n\t\t\tclass=\"block-ae1688db-7448-49e3-afa0-20dfa481607e btn areoi-has-url position-relative megosztas fb bg-sarga btn-primary\"\r\n\t href=\"#\" >\r\n\t\t\t\t\t\r\n\t\t\t\t\t   \r\n\t\t\t\t\t\r\n\t\t\t\t\t \r\n\t\t\t\t<\/a>\r\n\t\t\t<\/div>\n","protected":false},"excerpt":{"rendered":"","protected":false},"author":1,"featured_media":0,"parent":0,"menu_order":0,"comment_status":"closed","ping_status":"closed","template":"","meta":{"footnotes":""},"class_list":["post-1296","page","type-page","status-publish","hentry"],"_links":{"self":[{"href":"https:\/\/karrier.ih.gov.hu\/index.php\/wp-json\/wp\/v2\/pages\/1296","targetHints":{"allow":["GET"]}}],"collection":[{"href":"https:\/\/karrier.ih.gov.hu\/index.php\/wp-json\/wp\/v2\/pages"}],"about":[{"href":"https:\/\/karrier.ih.gov.hu\/index.php\/wp-json\/wp\/v2\/types\/page"}],"author":[{"embeddable":true,"href":"https:\/\/karrier.ih.gov.hu\/index.php\/wp-json\/wp\/v2\/users\/1"}],"replies":[{"embeddable":true,"href":"https:\/\/karrier.ih.gov.hu\/index.php\/wp-json\/wp\/v2\/comments?post=1296"}],"version-history":[{"count":9,"href":"https:\/\/karrier.ih.gov.hu\/index.php\/wp-json\/wp\/v2\/pages\/1296\/revisions"}],"predecessor-version":[{"id":1534,"href":"https:\/\/karrier.ih.gov.hu\/index.php\/wp-json\/wp\/v2\/pages\/1296\/revisions\/1534"}],"wp:attachment":[{"href":"https:\/\/karrier.ih.gov.hu\/index.php\/wp-json\/wp\/v2\/media?parent=1296"}],"curies":[{"name":"wp","href":"https:\/\/api.w.org\/{rel}","templated":true}]}}