{"id":1336,"date":"2025-11-05T10:59:28","date_gmt":"2025-11-05T08:59:28","guid":{"rendered":"https:\/\/karrier.ih.gov.hu\/?page_id=1336"},"modified":"2025-11-17T13:50:24","modified_gmt":"2025-11-17T11:50:24","slug":"nyitott-poziciok-osint","status":"publish","type":"page","link":"https:\/\/karrier.ih.gov.hu\/index.php\/nyitott-poziciok-osint\/","title":{"rendered":"OSINT"},"content":{"rendered":"\n<h2 class=\"wp-block-heading has-text-align-center bold oldalcim\">OSINT<\/h2>\n\n\n\r\n\t\t<div  class=\"block-d63d5827-11f2-48b9-ac68-cb3eff3e6a5e col areoi-element tartalom-oszlop\">\r\n\t\t\t\r\n\t\t\t\n\n<p class=\"has-contrast-2-color has-text-color has-link-color wp-elements-0c415cad53071d6f66c0e482a0a6174d\"><br><strong>Milyen feladatokban sz\u00e1m\u00edtunk r\u00e1d?<\/strong><\/p>\n\n\n\n<ul class=\"wp-block-list\">\n<li>internetes h\u00e1tt\u00e9rkutat\u00e1sban<\/li>\n\n\n\n<li>ny\u00edlt forr\u00e1s\u00fa ellen\u0151rz\u00e9si feladatokban<\/li>\n\n\n\n<li>\u00e1ltal\u00e1nos, ny\u00edlt ismeretb\u0151v\u00edt\u0151 anyagok elk\u00e9sz\u00edt\u00e9s\u00e9ben<\/li>\n\n\n\n<li>az \u00f6sszegy\u0171jt\u00f6tt inform\u00e1ci\u00f3k, dokumentumok feldolgoz\u00e1s\u00e1ban, elemz\u00e9s\u00e9ben<\/li>\n<\/ul>\n\n\n\n<p class=\"has-contrast-2-color has-text-color has-link-color wp-elements-adbb496cddc9f70ddaa765029adde866\"><strong>T\u00e9ged keres\u00fcnk, ha:<\/strong><\/p>\n\n\n\n<ul class=\"wp-block-list\">\n<li>valamely tetsz\u0151leges nyelvb\u0151l van akt\u00edv nyelvtud\u00e1sod vagy nyelvvizsg\u00e1d<\/li>\n\n\n\n<li>diplom\u00e1t szerezt\u00e9l a k\u00f6vetkez\u0151 ter\u00fcletek valamelyik\u00e9n: k\u00f6zgazdas\u00e1g \/ p\u00e9nz\u00fcgy \/ v\u00e1llalati ismeretek \/ m\u00e9rn\u00f6ki ter\u00fclet \/ energetika \/ t\u00e1rsadalomtudom\u00e1nyok<\/li>\n\n\n\n<li>rendszerszint\u0171 gondolkod\u00e1s jellemez<\/li>\n<\/ul>\n\n\n\n<p class=\"has-contrast-2-color has-text-color has-link-color wp-elements-57b1df95cd4c64a67f465e0096106089\"><strong>El\u0151nyt jelent:<\/strong><\/p>\n\n\n\n<ul class=\"wp-block-list\">\n<li>egy ritka idegennyelv ismerete<\/li>\n\n\n\n<li>az angol nyelv fels\u0151fok\u00fa, valamint egy tov\u00e1bbi idegennyelv legal\u00e1bb k\u00f6z\u00e9pfok\u00fa ismerete<\/li>\n\n\n\n<li>az internetes fel\u00fcletek, k\u00f6z\u00f6ss\u00e9gi oldalak k\u00e9szs\u00e9gszint\u0171 haszn\u00e1lata; a modern webes trendek ismerete<\/li>\n\n\n\n<li>sz\u00e9lesk\u00f6r\u0171 t\u00e1j\u00e9kozotts\u00e1g napi politikai \/ k\u00f6z\u00e9leti esem\u00e9nyek ter\u00e9n<\/li>\n\n\n\n<li>\u00fajs\u00e1g\u00edr\u00f3i \/ publik\u00e1l\u00e1si tapasztalat<\/li>\n<\/ul>\n\n\n\n<p class=\"has-contrast-2-color has-text-color has-link-color wp-elements-91c784b7a7b1ed8dba2b4bb3016ceec6\">Amennyiben felkeltett\u00fck \u00e9rdekl\u0151d\u00e9sedet, regisztr\u00e1lj karrieroldalunkon, \u00e9s k\u00fcldd el magyar nyelv\u0171, f\u00e9nyk\u00e9pes \u00f6n\u00e9letrajzodat.<\/p>\n\n \r\n\t\t\t\r\n\t\t<\/div>\r\n\t\n\n\r\n\t\t<div  class=\"block-0454174f-7333-4e38-940c-e86f46a6027b col areoi-element  gomb-kozepre\">\r\n\t\t\t\r\n\t\t\t\n\r\n\t\t\t\t\r\n\t\t<a \r\n\t\t\t\r\n\t\t\tclass=\"block-cabff3a3-4e09-4470-94a8-c2e037a1c184 btn areoi-has-url position-relative bg-sarga jelentkezes-gomb nyp-gomb btn-primary\"\r\n\t href=\"https:\/\/karrier.ih.gov.hu\/index.php\/jelentkezes\/\" title=\"OSINT\" >\r\n\t\t\t\t\t\r\n\t\t\t\t\tJELENTKEZEM \r\n\t\t\t\t\t\r\n\t\t\t\t\t \r\n\t\t\t\t<\/a>\r\n\t\t\t\n \r\n\t\t\t\r\n\t\t<\/div>\r\n\t\n\n\n<div class=\"wp-block-group is-content-justification-center is-nowrap is-layout-flex wp-container-core-group-is-layout-23441af8 wp-block-group-is-layout-flex\">\r\n\t\t\t\t\r\n\t\t<a \r\n\t\t\tid=\"nyitott-poziciok-osint\"\r\n\t\t\tclass=\"block-ae1688db-7448-49e3-afa0-20dfa481607e btn areoi-has-url position-relative megosztas fb bg-sarga btn-primary\"\r\n\t href=\"#\" >\r\n\t\t\t\t\t\r\n\t\t\t\t\t   \r\n\t\t\t\t\t\r\n\t\t\t\t\t \r\n\t\t\t\t<\/a>\r\n\t\t\t<\/div>\n","protected":false},"excerpt":{"rendered":"<p>OSINT<\/p>\n","protected":false},"author":1,"featured_media":0,"parent":0,"menu_order":0,"comment_status":"closed","ping_status":"closed","template":"","meta":{"footnotes":""},"class_list":["post-1336","page","type-page","status-publish","hentry"],"_links":{"self":[{"href":"https:\/\/karrier.ih.gov.hu\/index.php\/wp-json\/wp\/v2\/pages\/1336","targetHints":{"allow":["GET"]}}],"collection":[{"href":"https:\/\/karrier.ih.gov.hu\/index.php\/wp-json\/wp\/v2\/pages"}],"about":[{"href":"https:\/\/karrier.ih.gov.hu\/index.php\/wp-json\/wp\/v2\/types\/page"}],"author":[{"embeddable":true,"href":"https:\/\/karrier.ih.gov.hu\/index.php\/wp-json\/wp\/v2\/users\/1"}],"replies":[{"embeddable":true,"href":"https:\/\/karrier.ih.gov.hu\/index.php\/wp-json\/wp\/v2\/comments?post=1336"}],"version-history":[{"count":5,"href":"https:\/\/karrier.ih.gov.hu\/index.php\/wp-json\/wp\/v2\/pages\/1336\/revisions"}],"predecessor-version":[{"id":1341,"href":"https:\/\/karrier.ih.gov.hu\/index.php\/wp-json\/wp\/v2\/pages\/1336\/revisions\/1341"}],"wp:attachment":[{"href":"https:\/\/karrier.ih.gov.hu\/index.php\/wp-json\/wp\/v2\/media?parent=1336"}],"curies":[{"name":"wp","href":"https:\/\/api.w.org\/{rel}","templated":true}]}}

<h2 class="wp-block-heading has-text-align-center bold oldalcim">OSINT</h2>



		<div  class="block-d63d5827-11f2-48b9-ac68-cb3eff3e6a5e col areoi-element tartalom-oszlop">
			
			

<p class="has-contrast-2-color has-text-color has-link-color wp-elements-0c415cad53071d6f66c0e482a0a6174d"><br><strong>Milyen feladatokban számítunk rád?</strong></p>



<ul class="wp-block-list">
<li>internetes háttérkutatásban</li>



<li>nyílt forrású ellenőrzési feladatokban</li>



<li>általános, nyílt ismeretbővítő anyagok elkészítésében</li>



<li>az összegyűjtött információk, dokumentumok feldolgozásában, elemzésében</li>
</ul>



<p class="has-contrast-2-color has-text-color has-link-color wp-elements-adbb496cddc9f70ddaa765029adde866"><strong>Téged keresünk, ha:</strong></p>



<ul class="wp-block-list">
<li>valamely tetszőleges nyelvből van aktív nyelvtudásod vagy nyelvvizsgád</li>



<li>diplomát szereztél a következő területek valamelyikén: közgazdaság / pénzügy / vállalati ismeretek / mérnöki terület / energetika / társadalomtudományok</li>



<li>rendszerszintű gondolkodás jellemez</li>
</ul>



<p class="has-contrast-2-color has-text-color has-link-color wp-elements-57b1df95cd4c64a67f465e0096106089"><strong>Előnyt jelent:</strong></p>



<ul class="wp-block-list">
<li>egy ritka idegennyelv ismerete</li>



<li>az angol nyelv felsőfokú, valamint egy további idegennyelv legalább középfokú ismerete</li>



<li>az internetes felületek, közösségi oldalak készségszintű használata; a modern webes trendek ismerete</li>



<li>széleskörű tájékozottság napi politikai / közéleti események terén</li>



<li>újságírói / publikálási tapasztalat</li>
</ul>



<p class="has-contrast-2-color has-text-color has-link-color wp-elements-91c784b7a7b1ed8dba2b4bb3016ceec6">Amennyiben felkeltettük érdeklődésedet, regisztrálj karrieroldalunkon, és küldd el magyar nyelvű, fényképes önéletrajzodat.</p>

 
			
		</div>
	


		<div  class="block-0454174f-7333-4e38-940c-e86f46a6027b col areoi-element  gomb-kozepre">
			
			

				
		<a 
			
			class="block-cabff3a3-4e09-4470-94a8-c2e037a1c184 btn areoi-has-url position-relative bg-sarga jelentkezes-gomb nyp-gomb btn-primary"
	 href="https://karrier.ih.gov.hu/index.php/jelentkezes/" title="OSINT" >
					
					JELENTKEZEM 
					
					 
				</a>
			
 
			
		</div>
	


<div class="wp-block-group is-content-justification-center is-nowrap is-layout-flex wp-container-core-group-is-layout-23441af8 wp-block-group-is-layout-flex">
				
		<a 
			id="nyitott-poziciok-osint"
			class="block-ae1688db-7448-49e3-afa0-20dfa481607e btn areoi-has-url position-relative megosztas fb bg-sarga btn-primary"
	 href="#" >
					
					   
					
					 
				</a>
			</div>
