{"id":1429,"date":"2025-11-05T15:23:36","date_gmt":"2025-11-05T13:23:36","guid":{"rendered":"https:\/\/karrier.ih.gov.hu\/?page_id=1429"},"modified":"2025-11-17T14:02:19","modified_gmt":"2025-11-17T12:02:19","slug":"nyitott-poziciok-leltaros","status":"publish","type":"page","link":"https:\/\/karrier.ih.gov.hu\/index.php\/nyitott-poziciok-leltaros\/","title":{"rendered":"Lelt\u00e1ros"},"content":{"rendered":"\n<h2 class=\"wp-block-heading has-text-align-center bold oldalcim\">Lelt\u00e1ros<\/h2>\n\n\n\r\n\t\t<div  class=\"block-ec75ff6e-50a7-4350-99d7-099e40d015b1 col areoi-element tartalom-oszlop\">\r\n\t\t\t\r\n\t\t\t\n\n<p class=\"has-contrast-2-color has-text-color has-link-color wp-elements-184a2406bddbedd87efa8815e689b015\"><strong>Milyen feladatokban sz\u00e1m\u00edtunk r\u00e1d?<\/strong><\/p>\n\n\n\n<ul class=\"wp-block-list\">\n<li>a szervezet vagyont\u00e1rgyainak lelt\u00e1roz\u00e1s\u00e1ban<\/li>\n\n\n\n<li>lelt\u00e1ri adatok pontos r\u00f6gz\u00edt\u00e9s\u00e9ben, lelt\u00e1rk\u00e9sz\u00edt\u00e9sben<\/li>\n\n\n\n<li>egyeztet\u00e9sek lebonyol\u00edt\u00e1s\u00e1ban<\/li>\n\n\n\n<li>a bels\u0151 oszt\u00e1lyokkal \u00e9s egy\u00e9b partnerekkel val\u00f3 kapcsolattart\u00e1sban<\/li>\n\n\n\n<li>kimutat\u00e1sok \u00e9s jelent\u00e9sek elk\u00e9sz\u00edt\u00e9s\u00e9ben a vezet\u0151s\u00e9g sz\u00e1m\u00e1ra<\/li>\n<\/ul>\n\n\n\n<p class=\"has-contrast-2-color has-text-color has-link-color wp-elements-adbb496cddc9f70ddaa765029adde866\"><strong>T\u00e9ged keres\u00fcnk, ha:<\/strong><\/p>\n\n\n\n<ul class=\"wp-block-list\">\n<li>rendelkezel k\u00f6z\u00e9pfok\u00fa v\u00e9gzetts\u00e9ggel<\/li>\n\n\n\n<li>prec\u00edz \u00e9s megb\u00edzhat\u00f3 vagy, \u00f6n\u00e1ll\u00f3an \u00e9s csapatban is j\u00f3l dolgozol<\/li>\n\n\n\n<li>magabiztosan kezeled az MS Office programokat<\/li>\n<\/ul>\n\n\n\n<p class=\"has-contrast-2-color has-text-color has-link-color wp-elements-57b1df95cd4c64a67f465e0096106089\"><strong>El\u0151nyt jelent:<\/strong><\/p>\n\n\n\n<ul class=\"wp-block-list\">\n<li>logisztikai\/valutap\u00e9nzt\u00e1rosi v\u00e9gzetts\u00e9g<\/li>\n\n\n\n<li>gazdas\u00e1gi\/adminisztrat\u00edv ter\u00fcleten szerzett k\u00e9pes\u00edt\u00e9s<\/li>\n\n\n\n<li>lelt\u00e1rkezel\u0151 rendszerek ismerete<\/li>\n<\/ul>\n\n\n\n<p class=\"has-contrast-2-color has-text-color has-link-color wp-elements-144794d8a7451d9055e107222da3e5e3\">Amennyiben felkeltett\u00fck \u00e9rdekl\u0151d\u00e9sedet, regisztr\u00e1lj karrieroldalunkon, \u00e9s k\u00fcldd el magyar nyelv\u0171, f\u00e9nyk\u00e9pes \u00f6n\u00e9letrajzodat!<\/p>\n\n \r\n\t\t\t\r\n\t\t<\/div>\r\n\t\n\n\r\n\t\t<div  class=\"block-0454174f-7333-4e38-940c-e86f46a6027b col areoi-element  gomb-kozepre\">\r\n\t\t\t\r\n\t\t\t\n\r\n\t\t\t\t\r\n\t\t<a \r\n\t\t\t\r\n\t\t\tclass=\"block-cabff3a3-4e09-4470-94a8-c2e037a1c184 btn areoi-has-url position-relative bg-sarga jelentkezes-gomb nyp-gomb btn-primary\"\r\n\t href=\"https:\/\/karrier.ih.gov.hu\/index.php\/jelentkezes\/\" title=\"Lelt\u00e1ros\" >\r\n\t\t\t\t\t\r\n\t\t\t\t\tJELENTKEZEM \r\n\t\t\t\t\t\r\n\t\t\t\t\t \r\n\t\t\t\t<\/a>\r\n\t\t\t\n \r\n\t\t\t\r\n\t\t<\/div>\r\n\t\n\n\n<div class=\"wp-block-group is-content-justification-center is-nowrap is-layout-flex wp-container-core-group-is-layout-23441af8 wp-block-group-is-layout-flex\">\r\n\t\t\t\t\r\n\t\t<a \r\n\t\t\tid=\"nyitott-poziciok-leltaros\"\r\n\t\t\tclass=\"block-ae1688db-7448-49e3-afa0-20dfa481607e btn areoi-has-url position-relative megosztas fb bg-sarga btn-primary\"\r\n\t href=\"#\" >\r\n\t\t\t\t\t\r\n\t\t\t\t\t   \r\n\t\t\t\t\t\r\n\t\t\t\t\t \r\n\t\t\t\t<\/a>\r\n\t\t\t<\/div>\n","protected":false},"excerpt":{"rendered":"<p>Lelt\u00e1ros<\/p>\n","protected":false},"author":1,"featured_media":0,"parent":0,"menu_order":0,"comment_status":"closed","ping_status":"closed","template":"","meta":{"footnotes":""},"class_list":["post-1429","page","type-page","status-publish","hentry"],"_links":{"self":[{"href":"https:\/\/karrier.ih.gov.hu\/index.php\/wp-json\/wp\/v2\/pages\/1429","targetHints":{"allow":["GET"]}}],"collection":[{"href":"https:\/\/karrier.ih.gov.hu\/index.php\/wp-json\/wp\/v2\/pages"}],"about":[{"href":"https:\/\/karrier.ih.gov.hu\/index.php\/wp-json\/wp\/v2\/types\/page"}],"author":[{"embeddable":true,"href":"https:\/\/karrier.ih.gov.hu\/index.php\/wp-json\/wp\/v2\/users\/1"}],"replies":[{"embeddable":true,"href":"https:\/\/karrier.ih.gov.hu\/index.php\/wp-json\/wp\/v2\/comments?post=1429"}],"version-history":[{"count":1,"href":"https:\/\/karrier.ih.gov.hu\/index.php\/wp-json\/wp\/v2\/pages\/1429\/revisions"}],"predecessor-version":[{"id":1430,"href":"https:\/\/karrier.ih.gov.hu\/index.php\/wp-json\/wp\/v2\/pages\/1429\/revisions\/1430"}],"wp:attachment":[{"href":"https:\/\/karrier.ih.gov.hu\/index.php\/wp-json\/wp\/v2\/media?parent=1429"}],"curies":[{"name":"wp","href":"https:\/\/api.w.org\/{rel}","templated":true}]}}

Leltáros

<h2 class="wp-block-heading has-text-align-center bold oldalcim">Leltáros</h2>



		<div  class="block-ec75ff6e-50a7-4350-99d7-099e40d015b1 col areoi-element tartalom-oszlop">
			
			

<p class="has-contrast-2-color has-text-color has-link-color wp-elements-184a2406bddbedd87efa8815e689b015"><strong>Milyen feladatokban számítunk rád?</strong></p>



<ul class="wp-block-list">
<li>a szervezet vagyontárgyainak leltározásában</li>



<li>leltári adatok pontos rögzítésében, leltárkészítésben</li>



<li>egyeztetések lebonyolításában</li>



<li>a belső osztályokkal és egyéb partnerekkel való kapcsolattartásban</li>



<li>kimutatások és jelentések elkészítésében a vezetőség számára</li>
</ul>



<p class="has-contrast-2-color has-text-color has-link-color wp-elements-adbb496cddc9f70ddaa765029adde866"><strong>Téged keresünk, ha:</strong></p>



<ul class="wp-block-list">
<li>rendelkezel középfokú végzettséggel</li>



<li>precíz és megbízható vagy, önállóan és csapatban is jól dolgozol</li>



<li>magabiztosan kezeled az MS Office programokat</li>
</ul>



<p class="has-contrast-2-color has-text-color has-link-color wp-elements-57b1df95cd4c64a67f465e0096106089"><strong>Előnyt jelent:</strong></p>



<ul class="wp-block-list">
<li>logisztikai/valutapénztárosi végzettség</li>



<li>gazdasági/adminisztratív területen szerzett képesítés</li>



<li>leltárkezelő rendszerek ismerete</li>
</ul>



<p class="has-contrast-2-color has-text-color has-link-color wp-elements-144794d8a7451d9055e107222da3e5e3">Amennyiben felkeltettük érdeklődésedet, regisztrálj karrieroldalunkon, és küldd el magyar nyelvű, fényképes önéletrajzodat!</p>

 
			
		</div>
	


		<div  class="block-0454174f-7333-4e38-940c-e86f46a6027b col areoi-element  gomb-kozepre">
			
			

				
		<a 
			
			class="block-cabff3a3-4e09-4470-94a8-c2e037a1c184 btn areoi-has-url position-relative bg-sarga jelentkezes-gomb nyp-gomb btn-primary"
	 href="https://karrier.ih.gov.hu/index.php/jelentkezes/" title="Leltáros" >
					
					JELENTKEZEM 
					
					 
				</a>
			
 
			
		</div>
	


<div class="wp-block-group is-content-justification-center is-nowrap is-layout-flex wp-container-core-group-is-layout-23441af8 wp-block-group-is-layout-flex">
				
		<a 
			id="nyitott-poziciok-leltaros"
			class="block-ae1688db-7448-49e3-afa0-20dfa481607e btn areoi-has-url position-relative megosztas fb bg-sarga btn-primary"
	 href="#" >
					
					   
					
					 
				</a>
			</div>

<p>Leltáros</p>
