{"id":1439,"date":"2025-11-06T10:49:13","date_gmt":"2025-11-06T08:49:13","guid":{"rendered":"https:\/\/karrier.ih.gov.hu\/?page_id=1439"},"modified":"2025-11-17T14:03:40","modified_gmt":"2025-11-17T12:03:40","slug":"nyitott-poziciok-jogtanacsos","status":"publish","type":"page","link":"https:\/\/karrier.ih.gov.hu\/index.php\/nyitott-poziciok-jogtanacsos\/","title":{"rendered":"Jogtan\u00e1csos"},"content":{"rendered":"\n<h2 class=\"wp-block-heading has-text-align-center bold oldalcim\">Jogtan\u00e1csos<\/h2>\n\n\n\r\n\t\t<div  class=\"block-ec75ff6e-50a7-4350-99d7-099e40d015b1 col areoi-element tartalom-oszlop\">\r\n\t\t\t\r\n\t\t\t\n\n<p class=\"has-contrast-2-color has-text-color has-link-color wp-elements-184a2406bddbedd87efa8815e689b015\"><strong>Milyen feladatokban sz\u00e1m\u00edtunk r\u00e1d?<\/strong><\/p>\n\n\n\n<ul class=\"wp-block-list\">\n<li>szerz\u0151d\u00e9sek kezel\u00e9s\u00e9ben, k\u00e9sz\u00edt\u00e9s\u00e9ben, ig\u00e9ny\u00e9rv\u00e9nyes\u00edt\u00e9si folyamatok menedzsel\u00e9s\u00e9ben<\/li>\n\n\n\n<li>k\u00f6zbeszerz\u00e9si \u00e9s egy\u00e9b beszerz\u00e9si elj\u00e1r\u00e1sok jogi t\u00e1mogat\u00e1s\u00e1ban<\/li>\n\n\n\n<li>hum\u00e1ner\u0151forr\u00e1s ter\u00fclet jogi t\u00e1mogat\u00e1s\u00e1ban<\/li>\n\n\n\n<li>jogalkot\u00e1si \u00e9s jogszab\u00e1ly v\u00e9lem\u00e9nyez\u00e9si feladatok ell\u00e1t\u00e1s\u00e1ban<\/li>\n\n\n\n<li>bels\u0151 szab\u00e1lyoz\u00e1sok k\u00e9sz\u00edt\u00e9s\u00e9ben \u00e9s karbantart\u00e1s\u00e1ban<\/li>\n\n\n\n<li>peres \u00e9s nemperes elj\u00e1r\u00e1sok, valamint hat\u00f3s\u00e1gi elj\u00e1r\u00e1si feladatok vitel\u00e9ben<\/li>\n\n\n\n<li>projektek jogi t\u00e1mogat\u00e1s\u00e1ban<\/li>\n\n\n\n<li>adatv\u00e9delmi jogi tan\u00e1csad\u00e1sban<\/li>\n<\/ul>\n\n\n\n<p class=\"has-contrast-2-color has-text-color has-link-color wp-elements-adbb496cddc9f70ddaa765029adde866\"><strong>T\u00e9ged keres\u00fcnk, ha:<\/strong><\/p>\n\n\n\n<ul class=\"wp-block-list\">\n<li>rendelkezel jogi egyetemi v\u00e9gzetts\u00e9ggel<\/li>\n\n\n\n<li>rendelkezel jogi szakvizsg\u00e1val<\/li>\n\n\n\n<li>fels\u0151fok\u00fa nyelvvizsga valamely idegen nyelvb\u0151l<\/li>\n\n\n\n<li>van jogi munkak\u00f6rben szerzett legal\u00e1bb 3 \u00e9v relev\u00e1ns tapasztalatod, \u00fcgyv\u00e9di irod\u00e1ban<\/li>\n<\/ul>\n\n\n\n<p class=\"has-contrast-2-color has-text-color has-link-color wp-elements-57b1df95cd4c64a67f465e0096106089\"><strong>El\u0151nyt jelent:<\/strong><\/p>\n\n\n\n<ul class=\"wp-block-list\">\n<li>v\u00e1llalati jogtan\u00e1csosk\u00e9nt szerzett tapasztalat<\/li>\n\n\n\n<li>angol nyelvtud\u00e1s<\/li>\n<\/ul>\n\n\n\n<p class=\"has-contrast-2-color has-text-color has-link-color wp-elements-91c784b7a7b1ed8dba2b4bb3016ceec6\">Amennyiben felkeltett\u00fck \u00e9rdekl\u0151d\u00e9sedet, regisztr\u00e1lj karrieroldalunkon, \u00e9s k\u00fcldd el magyar nyelv\u0171, f\u00e9nyk\u00e9pes \u00f6n\u00e9letrajzodat.<\/p>\n\n \r\n\t\t\t\r\n\t\t<\/div>\r\n\t\n\n\r\n\t\t<div  class=\"block-0454174f-7333-4e38-940c-e86f46a6027b col areoi-element  gomb-kozepre\">\r\n\t\t\t\r\n\t\t\t\n\r\n\t\t\t\t\r\n\t\t<a \r\n\t\t\t\r\n\t\t\tclass=\"block-cabff3a3-4e09-4470-94a8-c2e037a1c184 btn areoi-has-url position-relative bg-sarga jelentkezes-gomb nyp-gomb btn-primary\"\r\n\t href=\"https:\/\/karrier.ih.gov.hu\/index.php\/jelentkezes\/\" title=\"Jogtan\u00e1csos\" >\r\n\t\t\t\t\t\r\n\t\t\t\t\tJELENTKEZEM \r\n\t\t\t\t\t\r\n\t\t\t\t\t \r\n\t\t\t\t<\/a>\r\n\t\t\t\n \r\n\t\t\t\r\n\t\t<\/div>\r\n\t\n\n\n<div class=\"wp-block-group is-content-justification-center is-nowrap is-layout-flex wp-container-core-group-is-layout-23441af8 wp-block-group-is-layout-flex\">\r\n\t\t\t\t\r\n\t\t<a \r\n\t\t\tid=\"nyitott-poziciok-jogtanacsos\"\r\n\t\t\tclass=\"block-ae1688db-7448-49e3-afa0-20dfa481607e btn areoi-has-url position-relative megosztas fb bg-sarga btn-primary\"\r\n\t href=\"#\" >\r\n\t\t\t\t\t\r\n\t\t\t\t\t   \r\n\t\t\t\t\t\r\n\t\t\t\t\t \r\n\t\t\t\t<\/a>\r\n\t\t\t<\/div>\n","protected":false},"excerpt":{"rendered":"<p>Jogtan\u00e1csos<\/p>\n","protected":false},"author":1,"featured_media":0,"parent":0,"menu_order":0,"comment_status":"closed","ping_status":"closed","template":"","meta":{"footnotes":""},"class_list":["post-1439","page","type-page","status-publish","hentry"],"_links":{"self":[{"href":"https:\/\/karrier.ih.gov.hu\/index.php\/wp-json\/wp\/v2\/pages\/1439","targetHints":{"allow":["GET"]}}],"collection":[{"href":"https:\/\/karrier.ih.gov.hu\/index.php\/wp-json\/wp\/v2\/pages"}],"about":[{"href":"https:\/\/karrier.ih.gov.hu\/index.php\/wp-json\/wp\/v2\/types\/page"}],"author":[{"embeddable":true,"href":"https:\/\/karrier.ih.gov.hu\/index.php\/wp-json\/wp\/v2\/users\/1"}],"replies":[{"embeddable":true,"href":"https:\/\/karrier.ih.gov.hu\/index.php\/wp-json\/wp\/v2\/comments?post=1439"}],"version-history":[{"count":1,"href":"https:\/\/karrier.ih.gov.hu\/index.php\/wp-json\/wp\/v2\/pages\/1439\/revisions"}],"predecessor-version":[{"id":1440,"href":"https:\/\/karrier.ih.gov.hu\/index.php\/wp-json\/wp\/v2\/pages\/1439\/revisions\/1440"}],"wp:attachment":[{"href":"https:\/\/karrier.ih.gov.hu\/index.php\/wp-json\/wp\/v2\/media?parent=1439"}],"curies":[{"name":"wp","href":"https:\/\/api.w.org\/{rel}","templated":true}]}}

Jogtanácsos

<h2 class="wp-block-heading has-text-align-center bold oldalcim">Jogtanácsos</h2>



		<div  class="block-ec75ff6e-50a7-4350-99d7-099e40d015b1 col areoi-element tartalom-oszlop">
			
			

<p class="has-contrast-2-color has-text-color has-link-color wp-elements-184a2406bddbedd87efa8815e689b015"><strong>Milyen feladatokban számítunk rád?</strong></p>



<ul class="wp-block-list">
<li>szerződések kezelésében, készítésében, igényérvényesítési folyamatok menedzselésében</li>



<li>közbeszerzési és egyéb beszerzési eljárások jogi támogatásában</li>



<li>humánerőforrás terület jogi támogatásában</li>



<li>jogalkotási és jogszabály véleményezési feladatok ellátásában</li>



<li>belső szabályozások készítésében és karbantartásában</li>



<li>peres és nemperes eljárások, valamint hatósági eljárási feladatok vitelében</li>



<li>projektek jogi támogatásában</li>



<li>adatvédelmi jogi tanácsadásban</li>
</ul>



<p class="has-contrast-2-color has-text-color has-link-color wp-elements-adbb496cddc9f70ddaa765029adde866"><strong>Téged keresünk, ha:</strong></p>



<ul class="wp-block-list">
<li>rendelkezel jogi egyetemi végzettséggel</li>



<li>rendelkezel jogi szakvizsgával</li>



<li>felsőfokú nyelvvizsga valamely idegen nyelvből</li>



<li>van jogi munkakörben szerzett legalább 3 év releváns tapasztalatod, ügyvédi irodában</li>
</ul>



<p class="has-contrast-2-color has-text-color has-link-color wp-elements-57b1df95cd4c64a67f465e0096106089"><strong>Előnyt jelent:</strong></p>



<ul class="wp-block-list">
<li>vállalati jogtanácsosként szerzett tapasztalat</li>



<li>angol nyelvtudás</li>
</ul>



<p class="has-contrast-2-color has-text-color has-link-color wp-elements-91c784b7a7b1ed8dba2b4bb3016ceec6">Amennyiben felkeltettük érdeklődésedet, regisztrálj karrieroldalunkon, és küldd el magyar nyelvű, fényképes önéletrajzodat.</p>

 
			
		</div>
	


		<div  class="block-0454174f-7333-4e38-940c-e86f46a6027b col areoi-element  gomb-kozepre">
			
			

				
		<a 
			
			class="block-cabff3a3-4e09-4470-94a8-c2e037a1c184 btn areoi-has-url position-relative bg-sarga jelentkezes-gomb nyp-gomb btn-primary"
	 href="https://karrier.ih.gov.hu/index.php/jelentkezes/" title="Jogtanácsos" >
					
					JELENTKEZEM 
					
					 
				</a>
			
 
			
		</div>
	


<div class="wp-block-group is-content-justification-center is-nowrap is-layout-flex wp-container-core-group-is-layout-23441af8 wp-block-group-is-layout-flex">
				
		<a 
			id="nyitott-poziciok-jogtanacsos"
			class="block-ae1688db-7448-49e3-afa0-20dfa481607e btn areoi-has-url position-relative megosztas fb bg-sarga btn-primary"
	 href="#" >
					
					   
					
					 
				</a>
			</div>

<p>Jogtanácsos</p>
