{"id":1446,"date":"2025-11-06T10:59:03","date_gmt":"2025-11-06T08:59:03","guid":{"rendered":"https:\/\/karrier.ih.gov.hu\/?page_id=1446"},"modified":"2025-11-17T14:04:32","modified_gmt":"2025-11-17T12:04:32","slug":"nyitott-poziciok-iratkezelo","status":"publish","type":"page","link":"https:\/\/karrier.ih.gov.hu\/index.php\/nyitott-poziciok-iratkezelo\/","title":{"rendered":"Iratkezel\u0151"},"content":{"rendered":"\n<h2 class=\"wp-block-heading has-text-align-center bold oldalcim\">Iratkezel\u0151<\/h2>\n\n\n\r\n\t\t<div  class=\"block-a68ce5b3-34e8-4cfa-a346-812bdce6a083 col areoi-element tartalom-oszlop\">\r\n\t\t\t\r\n\t\t\t\n\n<p class=\"has-contrast-2-color has-text-color has-link-color wp-elements-184a2406bddbedd87efa8815e689b015\"><strong>Milyen feladatokban sz\u00e1m\u00edtunk r\u00e1d?<\/strong><\/p>\n\n\n\n<ul class=\"wp-block-list\">\n<li>irodai iratkezel\u00e9si, tov\u00e1bb\u00e1 min\u0151s\u00edtett adatkezel\u00e9si feladatok ell\u00e1t\u00e1s\u00e1ban<\/li>\n\n\n\n<li>a dokumentumok nyomon k\u00f6vethet\u0151s\u00e9g\u00e9nek biztos\u00edt\u00e1s\u00e1ban a bels\u0151 szab\u00e1lyz\u00e1s \u00e9s a min\u0151s\u00edtett adat v\u00e9delm\u00e9r\u0151l sz\u00f3l\u00f3 2009. \u00e9vi CLV. t\u00f6rv\u00e9ny rendelkez\u00e9sei alapj\u00e1n<\/li>\n\n\n\n<li>elektronikus adatr\u00f6gz\u00edt\u00e9si, \u00e9s adminisztr\u00e1ci\u00f3s feladatokban<\/li>\n\n\n\n<li>az elk\u00e9sz\u00fclt iratanyagok \u00f6sszegy\u0171jt\u00e9s\u00e9ben, iktat\u00e1s\u00e1ban \u00e9s felterjeszt\u00e9s\u00e9ben<\/li>\n\n\n\n<li>az \u00e9rkez\u0151 \u00e9s kimen\u0151 bels\u0151 \u00fcgyiratok kezel\u00e9s\u00e9ben<\/li>\n<\/ul>\n\n\n\n<p class=\"has-contrast-2-color has-text-color has-link-color wp-elements-adbb496cddc9f70ddaa765029adde866\"><strong>T\u00e9ged keres\u00fcnk, ha:<\/strong><\/p>\n\n\n\n<ul class=\"wp-block-list\">\n<li>van \u00e9retts\u00e9gi bizony\u00edtv\u00e1nyod<\/li>\n\n\n\n<li>felhaszn\u00e1l\u00f3i szint\u0171 sz\u00e1m\u00edt\u00f3g\u00e9pes ismeretekkel rendelkezel<\/li>\n<\/ul>\n\n\n\n<p class=\"has-contrast-2-color has-text-color has-link-color wp-elements-57b1df95cd4c64a67f465e0096106089\"><strong>El\u0151nyt jelent:<\/strong><\/p>\n\n\n\n<ul class=\"wp-block-list\">\n<li>valamely idegen nyelv ismerete \u00e9s akt\u00edv haszn\u00e1lata<\/li>\n<\/ul>\n\n\n\n<p class=\"has-contrast-2-color has-text-color has-link-color wp-elements-91c784b7a7b1ed8dba2b4bb3016ceec6\">Amennyiben felkeltett\u00fck \u00e9rdekl\u0151d\u00e9sedet, regisztr\u00e1lj karrieroldalunkon, \u00e9s k\u00fcldd el magyar nyelv\u0171, f\u00e9nyk\u00e9pes \u00f6n\u00e9letrajzodat.<\/p>\n\n\n\r\n\t\t<div  class=\"block-0454174f-7333-4e38-940c-e86f46a6027b col areoi-element  gomb-kozepre\">\r\n\t\t\t\r\n\t\t\t\n\r\n\t\t\t\t\r\n\t\t<a \r\n\t\t\t\r\n\t\t\tclass=\"block-cabff3a3-4e09-4470-94a8-c2e037a1c184 btn areoi-has-url position-relative bg-sarga jelentkezes-gomb nyp-gomb btn-primary\"\r\n\t href=\"https:\/\/karrier.ih.gov.hu\/index.php\/jelentkezes\/\" title=\"Iratkezel\u0151\" >\r\n\t\t\t\t\t\r\n\t\t\t\t\tJELENTKEZEM \r\n\t\t\t\t\t\r\n\t\t\t\t\t \r\n\t\t\t\t<\/a>\r\n\t\t\t\n \r\n\t\t\t\r\n\t\t<\/div>\r\n\t\n \r\n\t\t\t\r\n\t\t<\/div>\r\n\t\n\n\n<div class=\"wp-block-group is-content-justification-center is-nowrap is-layout-flex wp-container-core-group-is-layout-23441af8 wp-block-group-is-layout-flex\">\r\n\t\t\t\t\r\n\t\t<a \r\n\t\t\tid=\"nyitott-poziciok-iratkezelo\"\r\n\t\t\tclass=\"block-ae1688db-7448-49e3-afa0-20dfa481607e btn areoi-has-url position-relative megosztas fb bg-sarga btn-primary\"\r\n\t href=\"#\" >\r\n\t\t\t\t\t\r\n\t\t\t\t\t   \r\n\t\t\t\t\t\r\n\t\t\t\t\t \r\n\t\t\t\t<\/a>\r\n\t\t\t<\/div>\n","protected":false},"excerpt":{"rendered":"<p>Iratkezel\u0151<\/p>\n","protected":false},"author":1,"featured_media":0,"parent":0,"menu_order":0,"comment_status":"closed","ping_status":"closed","template":"","meta":{"footnotes":""},"class_list":["post-1446","page","type-page","status-publish","hentry"],"_links":{"self":[{"href":"https:\/\/karrier.ih.gov.hu\/index.php\/wp-json\/wp\/v2\/pages\/1446","targetHints":{"allow":["GET"]}}],"collection":[{"href":"https:\/\/karrier.ih.gov.hu\/index.php\/wp-json\/wp\/v2\/pages"}],"about":[{"href":"https:\/\/karrier.ih.gov.hu\/index.php\/wp-json\/wp\/v2\/types\/page"}],"author":[{"embeddable":true,"href":"https:\/\/karrier.ih.gov.hu\/index.php\/wp-json\/wp\/v2\/users\/1"}],"replies":[{"embeddable":true,"href":"https:\/\/karrier.ih.gov.hu\/index.php\/wp-json\/wp\/v2\/comments?post=1446"}],"version-history":[{"count":2,"href":"https:\/\/karrier.ih.gov.hu\/index.php\/wp-json\/wp\/v2\/pages\/1446\/revisions"}],"predecessor-version":[{"id":1448,"href":"https:\/\/karrier.ih.gov.hu\/index.php\/wp-json\/wp\/v2\/pages\/1446\/revisions\/1448"}],"wp:attachment":[{"href":"https:\/\/karrier.ih.gov.hu\/index.php\/wp-json\/wp\/v2\/media?parent=1446"}],"curies":[{"name":"wp","href":"https:\/\/api.w.org\/{rel}","templated":true}]}}

Iratkezelő

<h2 class="wp-block-heading has-text-align-center bold oldalcim">Iratkezelő</h2>



		<div  class="block-a68ce5b3-34e8-4cfa-a346-812bdce6a083 col areoi-element tartalom-oszlop">
			
			

<p class="has-contrast-2-color has-text-color has-link-color wp-elements-184a2406bddbedd87efa8815e689b015"><strong>Milyen feladatokban számítunk rád?</strong></p>



<ul class="wp-block-list">
<li>irodai iratkezelési, továbbá minősített adatkezelési feladatok ellátásában</li>



<li>a dokumentumok nyomon követhetőségének biztosításában a belső szabályzás és a minősített adat védelméről szóló 2009. évi CLV. törvény rendelkezései alapján</li>



<li>elektronikus adatrögzítési, és adminisztrációs feladatokban</li>



<li>az elkészült iratanyagok összegyűjtésében, iktatásában és felterjesztésében</li>



<li>az érkező és kimenő belső ügyiratok kezelésében</li>
</ul>



<p class="has-contrast-2-color has-text-color has-link-color wp-elements-adbb496cddc9f70ddaa765029adde866"><strong>Téged keresünk, ha:</strong></p>



<ul class="wp-block-list">
<li>van érettségi bizonyítványod</li>



<li>felhasználói szintű számítógépes ismeretekkel rendelkezel</li>
</ul>



<p class="has-contrast-2-color has-text-color has-link-color wp-elements-57b1df95cd4c64a67f465e0096106089"><strong>Előnyt jelent:</strong></p>



<ul class="wp-block-list">
<li>valamely idegen nyelv ismerete és aktív használata</li>
</ul>



<p class="has-contrast-2-color has-text-color has-link-color wp-elements-91c784b7a7b1ed8dba2b4bb3016ceec6">Amennyiben felkeltettük érdeklődésedet, regisztrálj karrieroldalunkon, és küldd el magyar nyelvű, fényképes önéletrajzodat.</p>



		<div  class="block-0454174f-7333-4e38-940c-e86f46a6027b col areoi-element  gomb-kozepre">
			
			

				
		<a 
			
			class="block-cabff3a3-4e09-4470-94a8-c2e037a1c184 btn areoi-has-url position-relative bg-sarga jelentkezes-gomb nyp-gomb btn-primary"
	 href="https://karrier.ih.gov.hu/index.php/jelentkezes/" title="Iratkezelő" >
					
					JELENTKEZEM 
					
					 
				</a>
			
 
			
		</div>
	
 
			
		</div>
	


<div class="wp-block-group is-content-justification-center is-nowrap is-layout-flex wp-container-core-group-is-layout-23441af8 wp-block-group-is-layout-flex">
				
		<a 
			id="nyitott-poziciok-iratkezelo"
			class="block-ae1688db-7448-49e3-afa0-20dfa481607e btn areoi-has-url position-relative megosztas fb bg-sarga btn-primary"
	 href="#" >
					
					   
					
					 
				</a>
			</div>

<p>Iratkezelő</p>
