{"id":1503,"date":"2026-01-09T12:21:03","date_gmt":"2026-01-09T10:21:03","guid":{"rendered":"https:\/\/karrier.ih.gov.hu\/?page_id=1503"},"modified":"2026-01-09T13:54:23","modified_gmt":"2026-01-09T11:54:23","slug":"nyitott-poziciok-rendszergazda-halozati-szakember-devops-mernok","status":"publish","type":"page","link":"https:\/\/karrier.ih.gov.hu\/index.php\/nyitott-poziciok-rendszergazda-halozati-szakember-devops-mernok\/","title":{"rendered":"Rendszergazda \/ H\u00e1l\u00f3zati Szakember \/ Devops M\u00e9rn\u00f6k"},"content":{"rendered":"\n<h2 class=\"wp-block-heading has-text-align-center bold oldalcim\">RENDSZERGAZDA \/ H\u00c1L\u00d3ZATI SZAKEMBER \/ DEVOPS M\u00c9RN\u00d6K<\/h2>\n\n\n\r\n\t\t<div  class=\"block-954fb97c-79f2-4479-a0e0-41d51df3aa9c col areoi-element tartalom-oszlop\">\r\n\t\t\t\r\n\t\t\t\n\n<p class=\"has-contrast-2-color has-text-color has-link-color wp-elements-5d729671b34fb813eff06bd4dc38d6f6\"><\/p>\n\n\n\n<p class=\"has-contrast-2-color has-text-color has-link-color wp-elements-184a2406bddbedd87efa8815e689b015\"><strong>Milyen feladatokban sz\u00e1m\u00edtunk r\u00e1d?<\/strong><\/p>\n\n\n\n<ul class=\"wp-block-list has-contrast-2-color has-text-color has-link-color wp-elements-a1c39331c031b39dac1d1e8950eddadd\">\n<li>a bels\u0151 IT-infrastrukt\u00far\u00e1k tervez\u00e9si folyamat\u00e1nak minden f\u00e1zis\u00e1ban<\/li>\n\n\n\n<li>Windows vagy Linux alap\u00fa rendszerek \u00fczemeltet\u00e9s\u00e9ben, megold\u00e1sok tervez\u00e9s\u00e9ben \u00e9s implement\u00e1l\u00e1sban<\/li>\n\n\n\n<li>az \u00fczemeltet\u0151 \u00e9s fejleszt\u0151 koll\u00e9g\u00e1kkal val\u00f3 egy\u00fcttm\u0171k\u00f6d\u00e9sben<\/li>\n<\/ul>\n\n\n\n<p class=\"has-contrast-2-color has-text-color has-link-color wp-elements-adbb496cddc9f70ddaa765029adde866\"><strong>T\u00e9ged keres\u00fcnk, ha:<\/strong><\/p>\n\n\n\n<ul class=\"wp-block-list has-contrast-2-color has-text-color has-link-color wp-elements-65a96e9305720579e5df51a46c489d0c\">\n<li>van legal\u00e1bb k\u00f6z\u00e9pfok\u00fa informatikai v\u00e9gzetts\u00e9ged vagy relev\u00e1ns tapasztalatod<\/li>\n\n\n\n<li>van affinit\u00e1sod a szkriptek \u00edr\u00e1s\u00e1hoz \/ programoz\u00e1shoz<\/li>\n\n\n\n<li>\u00f6n\u00e1ll\u00f3s\u00e1g \u00e9s pontoss\u00e1g jellemez<\/li>\n<\/ul>\n\n\n\n<p class=\"has-contrast-2-color has-text-color has-link-color wp-elements-57b1df95cd4c64a67f465e0096106089\"><strong>El\u0151nyt jelent:<\/strong><\/p>\n\n\n\n<ul class=\"wp-block-list has-contrast-2-color has-text-color has-link-color wp-elements-89e3660b4f2da08323027d7c72520abe\">\n<li>rendelkezel BSc\/MSc szakir\u00e1ny\u00fa v\u00e9gzetts\u00e9ggel\n<ul class=\"wp-block-list\">\n<li>vagy ilyen jelleg\u0171 tanulm\u00e1nyokat folytatsz (valamilyen informatikai szakon)<\/li>\n<\/ul>\n<\/li>\n\n\n\n<li>m\u0171szaki \u00e9s rendszerszeml\u00e9let<\/li>\n\n\n\n<li>h\u00e1l\u00f3zati ismeretek<\/li>\n\n\n\n<li>virtualiz\u00e1ci\u00f3s technol\u00f3gi\u00e1k ismerete<\/li>\n\n\n\n<li>adatb\u00e1zis kezel\u00e9sben szerzett tapasztalat<\/li>\n\n\n\n<li>legal\u00e1bb egy idegen nyelvet k\u00f6z\u00e9pfokon elsaj\u00e1t\u00edtott\u00e1l<\/li>\n<\/ul>\n\n\n\n<p class=\"has-contrast-2-color has-text-color has-link-color wp-elements-91c784b7a7b1ed8dba2b4bb3016ceec6\">Amennyiben felkeltett\u00fck \u00e9rdekl\u0151d\u00e9sedet, regisztr\u00e1lj karrieroldalunkon, \u00e9s k\u00fcldd el magyar nyelv\u0171, f\u00e9nyk\u00e9pes \u00f6n\u00e9letrajzodat.<\/p>\n\n \r\n\t\t\t\r\n\t\t<\/div>\r\n\t\n\n\r\n\t\t<div  class=\"block-0454174f-7333-4e38-940c-e86f46a6027b col areoi-element  gomb-kozepre\">\r\n\t\t\t\r\n\t\t\t\n\r\n\t\t\t\t\r\n\t\t<a \r\n\t\t\t\r\n\t\t\tclass=\"block-cabff3a3-4e09-4470-94a8-c2e037a1c184 btn areoi-has-url position-relative bg-sarga jelentkezes-gomb nyp-gomb btn-primary\"\r\n\t href=\"https:\/\/karrier.ih.gov.hu\/index.php\/jelentkezes\/\" title=\"Rendszergazda \/ H\u00e1l\u00f3zati Szakember \/ Devops M\u00e9rn\u00f6k\" >\r\n\t\t\t\t\t\r\n\t\t\t\t\tJELENTKEZEM \r\n\t\t\t\t\t\r\n\t\t\t\t\t \r\n\t\t\t\t<\/a>\r\n\t\t\t\n \r\n\t\t\t\r\n\t\t<\/div>\r\n\t\n\n\n<div class=\"wp-block-group is-content-justification-center is-nowrap is-layout-flex wp-container-core-group-is-layout-23441af8 wp-block-group-is-layout-flex\">\r\n\t\t\t\t\r\n\t\t<a \r\n\t\t\tid=\"nyitott-poziciok-rendszergazda-halozati-szakember-devops-mernok\"\r\n\t\t\tclass=\"block-ae1688db-7448-49e3-afa0-20dfa481607e btn areoi-has-url position-relative megosztas fb bg-sarga btn-primary\"\r\n\t href=\"#\" >\r\n\t\t\t\t\t\r\n\t\t\t\t\t   \r\n\t\t\t\t\t\r\n\t\t\t\t\t \r\n\t\t\t\t<\/a>\r\n\t\t\t<\/div>\n\n\n\n<p><\/p>\n","protected":false},"excerpt":{"rendered":"<p>RENDSZERGAZDA \/ H\u00c1L\u00d3ZATI SZAKEMBER \/ DEVOPS M\u00c9RN\u00d6K<\/p>\n","protected":false},"author":1,"featured_media":0,"parent":0,"menu_order":0,"comment_status":"closed","ping_status":"closed","template":"","meta":{"footnotes":""},"class_list":["post-1503","page","type-page","status-publish","hentry"],"_links":{"self":[{"href":"https:\/\/karrier.ih.gov.hu\/index.php\/wp-json\/wp\/v2\/pages\/1503","targetHints":{"allow":["GET"]}}],"collection":[{"href":"https:\/\/karrier.ih.gov.hu\/index.php\/wp-json\/wp\/v2\/pages"}],"about":[{"href":"https:\/\/karrier.ih.gov.hu\/index.php\/wp-json\/wp\/v2\/types\/page"}],"author":[{"embeddable":true,"href":"https:\/\/karrier.ih.gov.hu\/index.php\/wp-json\/wp\/v2\/users\/1"}],"replies":[{"embeddable":true,"href":"https:\/\/karrier.ih.gov.hu\/index.php\/wp-json\/wp\/v2\/comments?post=1503"}],"version-history":[{"count":7,"href":"https:\/\/karrier.ih.gov.hu\/index.php\/wp-json\/wp\/v2\/pages\/1503\/revisions"}],"predecessor-version":[{"id":1537,"href":"https:\/\/karrier.ih.gov.hu\/index.php\/wp-json\/wp\/v2\/pages\/1503\/revisions\/1537"}],"wp:attachment":[{"href":"https:\/\/karrier.ih.gov.hu\/index.php\/wp-json\/wp\/v2\/media?parent=1503"}],"curies":[{"name":"wp","href":"https:\/\/api.w.org\/{rel}","templated":true}]}}